is the greatest common factor of 4232 and 368?
184
What is the highest common divisor of 24 and 324?
12
What is the greatest common divisor of 5577 and 66?
33
What is the highest common divisor of 39 and 1417?
13
Calculate the highest common factor of 180 and 324.
36
Calculate the highest common divisor of 86 and 946.
86
What is the highest common factor of 14 and 6622?
14
What is the greatest common divisor of 4150 and 200?
50
What is the highest common divisor of 30930 and 30?
30
What is the highest common divisor of 15842 and 178?
178
Calculate the greatest common divisor of 1908 and 12.
12
What is the highest common factor of 66 and 242?
22
What is the greatest common divisor of 21 and 6153?
21
Calculate the greatest common factor of 215 and 5.
5
What is the greatest common factor of 18 and 72?
18
What is the greatest common divisor of 12 and 12?
12
What is the greatest common factor of 6632 and 8?
8
Calculate the greatest common factor of 117 and 195.
39
What is the highest common factor of 112 and 20?
4
Calculate the greatest common divisor of 70 and 810.
10
Calculate the highest common divisor of 18 and 28278.
18
Calculate the highest common divisor of 973 and 4726.
139
Calculate the highest common divisor of 66028 and 68.
68
What is the highest common divisor of 1088 and 34?
34
What is the highest common divisor of 45 and 387?
9
Calculate the greatest common factor of 405 and 315.
45
Calculate the highest common factor of 138 and 12.
6
Calculate the greatest common factor of 1118 and 26.
26
What is the highest common divisor of 1330 and 35?
35
What is the highest common factor of 270 and 1470?
30
What is the greatest common divisor of 270 and 621?
27
Calculate the greatest common divisor of 16 and 312.
8
What is the highest common factor of 513 and 54?
27
What is the highest common factor of 360 and 920?
40
What is the greatest common divisor of 44 and 132?
44
Calculate the greatest common divisor of 60 and 1680.
60
Calculate the greatest common divisor of 94 and 564.
94
What is the greatest common divisor of 189 and 693?
63
What is the highest common factor of 39 and 156?
39
What is the highest common factor of 910 and 126?
14
Calculate the highest common factor of 1098 and 36.
18
What is the greatest common factor of 44040 and 120?
120
Calculate the highest common factor of 1104 and 96.
48
Calculate the highest common divisor of 2 and 158.
2
Calculate the greatest common factor of 9 and 13.
1
What is the greatest common divisor of 23 and 23?
23
What is the highest common divisor of 62 and 11160?
62
What is the highest common divisor of 29 and 116?
29
What is the greatest common divisor of 90 and 10?
10
Calculate the greatest common factor of 15 and 1455.
15
Calculate the highest common divisor of 2511 and 81.
81
Calculate the highest common factor of 7 and 1337.
7
What is the greatest common divisor of 276 and 6?
6
What is the highest common factor of 9 and 801?
9
Calculate the highest common factor of 1045 and 715.
55
What is the highest common factor of 38 and 82?
2
What is the highest common factor of 408 and 1938?
102
What is the highest common factor of 9 and 270?
9
Calculate the highest common factor of 162 and 12.
6
Calculate the highest common divisor of 41 and 123.
41
Calculate the greatest common divisor of 1584 and 864.
144
What is the highest common divisor of 2720 and 952?
136
Calculate the highest common divisor of 144 and 16.
16
What is the greatest common divisor of 434 and 28?
14
Calculate the highest common divisor of 95 and 3401.
19
Calculate the greatest common factor of 74911 and 23.
23
What is the highest common divisor of 10 and 25?
5
What is the greatest common divisor of 2392 and 1656?
184
Calculate the greatest common factor of 1891 and 496.
31
What is the highest common divisor of 199 and 11?
1
What is the greatest common factor of 676 and 104?
52
What is the greatest common factor of 207 and 1288?
23
What is the highest common factor of 81 and 135?
27
Calculate the greatest common divisor of 156 and 444.
12
What is the highest common factor of 20 and 126?
2
What is the greatest common factor of 372 and 12?
12
Calculate the highest common factor of 21 and 33.
3
What is the highest common divisor of 61 and 6344?
61
What is the greatest common factor of 629 and 17?
17
Calculate the highest common divisor of 81 and 9.
9
Calculate the greatest common divisor of 122 and 244.
122
What is the highest common factor of 28 and 1134?
14
Calculate the highest common factor of 1675 and 325.
25
What is the greatest common factor of 34 and 629?
17
Calculate the greatest common factor of 378 and 28.
14
Calculate the highest common divisor of 24 and 88.
8
What is the greatest common factor of 253 and 825?
11
What is the greatest common divisor of 68 and 578?
34
Calculate the highest common divisor of 3 and 195.
3
Calculate the highest common divisor of 23 and 46.
23
Calculate the highest common factor of 264 and 24.
24
What is the greatest common factor of 6468 and 168?
84
Calculate the highest common factor of 93 and 150.
3
Calculate the greatest common divisor of 84 and 276.
12
Calculate the highest common factor of 78 and 6.
6
What is the highest common factor of 135 and 105?
15
What is the highest common factor of 2189 and 11?
11
Calculate the highest common factor of 4964 and 408.
68
Calculate the greatest common divisor of 79 and 2449.
79
Calculate the greatest common divisor of 64 and 12.
4
What is the greatest common factor of 136 and 58820?
68
Calculate the greatest common divisor of 2914 and 372.
62
What is the greatest common factor of 118 and 9558?
118
Calculate the highest common factor of 630 and 1610.
70
Calculate the greatest common factor of 40 and 80.
40
Calculate the greatest common factor of 1958 and 66.
22
What is the greatest common divisor of 1140 and 4845?
285
Calculate the highest common divisor of 825 and 60.
15
Calculate the greatest common factor of 230 and 160.
10
Calculate the greatest common divisor of 6875 and 25.
25
Calculate the greatest common divisor of 264 and 96.
24
What is the greatest common divisor of 30 and 172?
2
What is the highest common factor of 14 and 54?
2
Calculate the greatest common factor of 1552 and 96.
16
What is the greatest common factor of 20 and 96?
4
Calculate the greatest common divisor of 32 and 320.
32
What is the greatest common factor of 49 and 17983?
49
What is the greatest common factor of 130 and 80?
10
What is the greatest common divisor of 3260 and 12?
4
What is the greatest common divisor of 87 and 3277?
29
What is the highest common divisor of 1000 and 40?
40
What is the highest common factor of 851 and 148?
37
Calculate the highest common factor of 32 and 136.
8
Calculate the highest common divisor of 135 and 16335.
135
Calculate the greatest common factor of 90 and 140.
10
Calculate the greatest common divisor of 6 and 18.
6
What is the highest common divisor of 714 and 156?
6
Calculate the highest common factor of 12 and 52.
4
Calculate the highest common factor of 39 and 481.
13
Calculate the highest common divisor of 5605 and 95.
95
Calculate the greatest common divisor of 414 and 549.
9
What is the greatest common factor of 1978 and 86?
86
Calculate the greatest common divisor of 56 and 16.
8
Calculate the greatest common divisor of 210 and 30.
30
Calculate the highest common factor of 46 and 2093.
23
What is the highest common divisor of 96 and 360?
24
What is the greatest common divisor of 68 and 255?
17
What is the greatest common factor of 276 and 736?
92
What is the greatest common factor of 11 and 1419?
11
Calculate the highest common divisor of 69 and 207.
69
What is the highest common divisor of 1296 and 48?
48
What is the highest common factor of 15 and 1185?
15
What is the highest common factor of 712 and 17978?
178
Calculate the greatest common divisor of 54 and 2.
2
Calculate the greatest common divisor of 34 and 10.
2
What is the highest common divisor of 2989 and 244?
61
Calculate the greatest common factor of 2025 and 90.
45
Calculate the highest common factor of 15 and 63.
3
What is the highest common divisor of 1644 and 516?
12
What is the greatest common divisor of 42 and 273?
21
What is the highest common divisor of 1242 an